
In base 3, what is -12 + 10122011201011020?
10122011201011001
In base 5, what is -11041 - -103413042?
103402001
In base 9, what is -135 - 48723?
-48858
In base 2, what is -110000000000101011001111110 - 10?
-110000000000101011010000000
In base 5, what is 2 + 12440112114?
12440112121
In base 11, what is 5 - -15076922?
15076927
In base 11, what is 0 - 15915a7?
-15915a7
In base 2, what is -1100 + 11010010101101010111010?
11010010101101010101110
In base 3, what is -100221 - -100100001020?
100022200022
In base 12, what is -15a9 - 3813?
-5200
In base 9, what is -43006 + -243?
-43250
In base 4, what is -21132233111 + 212?
-21132232233
In base 7, what is 1251643 + 13364?
1265340
In base 2, what is -1111 + 11011100111000110011001?
11011100111000110001010
In base 14, what is ca6 - -714dc?
723a4
In base 6, what is -1 + 321415253?
321415252
In base 7, what is -23 - -53552361?
53552335
In base 9, what is -1317563 - 20?
-1317583
In base 14, what is -640d4 - 1b7?
-642ab
In base 11, what is 13 - 173060?
-173048
In base 3, what is 211201021201012 - 20?
211201021200222
In base 6, what is -224 - -40522505?
40522241
In base 4, what is 311333201111 - 21?
311333201030
In base 5, what is -444412100340 + 2?
-444412100333
In base 10, what is 258176003 + -2?
258176001
In base 4, what is 13112210131 - 121?
13112210010
In base 10, what is 3 + 78760466?
78760469
In base 15, what is 2 + 1cc27a9?
1cc27ab
In base 5, what is 231 + -111231003?
-111230222
In base 8, what is 10707 + -1270?
7417
In base 11, what is -a2935681 - 1?
-a2935682
In base 14, what is -97d32024 - -2?
-97d32022
In base 11, what is -26194 + 36a4?
-225a0
In base 3, what is 111 - 1020201212002?
-1020201211121
In base 7, what is -62 + -63164605?
-63165000
In base 7, what is -223 + -265664?
-266220
In base 11, what is -35946 - -129?
-35818
In base 7, what is -160 - 22411011?
-22411201
In base 10, what is 1101 + -802285?
-801184
In base 9, what is -77334 - 841?
-78275
In base 8, what is -11 - -42254?
42243
In base 3, what is 100001020222022202 + 12?
100001020222022221
In base 14, what is 3080b + 46?
30853
In base 16, what is -31 - 4cf3e8?
-4cf419
In base 13, what is -52c4 - 366?
-565a
In base 7, what is -130113364 - -62?
-130113302
In base 10, what is 1335 - 159506?
-158171
In base 14, what is -66a0b + -6?
-66a13
In base 6, what is -14 - -32014425?
32014411
In base 12, what is -b685 + -119a?
-10863
In base 14, what is 1860c + -102?
1850a
In base 16, what is -9 + -376160?
-376169
In base 4, what is -300233 - -212030?
-22203
In base 6, what is 1434001 - -114?
1434115
In base 6, what is -3 - 35201513?
-35201520
In base 9, what is 1 - 14315468?
-14315467
In base 10, what is -195550 + 12?
-195538
In base 14, what is -42c42d8 + 3?
-42c42d5
In base 7, what is 344055143 - 1?
344055142
In base 7, what is -5 + 464441?
464433
In base 3, what is 2110 - -22202221221222?
22202222001102
In base 13, what is -1486 + 33033?
3187a
In base 12, what is 690 + -37999?
-37309
In base 6, what is 135244 + -1345?
133455
In base 13, what is 1737978 + -7?
1737971
In base 12, what is 27b966 - -263?
280009
In base 2, what is -10100110100111000110 + 101010110?
-10100110100001110000
In base 11, what is -85 - -17980?
178a6
In base 2, what is -10010000011001 + 10111111010?
-1111000011111
In base 2, what is 111001 + 1010010001010000011100000?
1010010001010000100011001
In base 6, what is -315544 + 25112?
-250432
In base 2, what is -1011110 - 10111000011111001100?
-10111000100000101010
In base 12, what is 10b - b4aa2?
-b4993
In base 11, what is 0 + 26123a6?
26123a6
In base 4, what is -1 - -22120032310?
22120032303
In base 4, what is 232023000132303 - -1?
232023000132310
In base 3, what is 10 - -21120102222021?
21120102222101
In base 12, what is -9579893 + -33?
-9579906
In base 3, what is 100022100221102110 + 12?
100022100221102122
In base 11, what is 5664 + a12?
6576
In base 4, what is -10 - -31022201003?
31022200333
In base 7, what is 36035 - 54?
35651
In base 12, what is 22a + -b57?
-929
In base 6, what is -2442525254 - 5?
-2442525303
In base 3, what is -1112210210111 + -2112?
-1112210220000
In base 11, what is -7 + 13a8a0a?
13a8a03
In base 16, what is -365a + -58e?
-3be8
In base 4, what is 103233 - -1130321?
1300220
In base 3, what is -12011121201000 + 20?
-12011121200210
In base 10, what is 6032 + -3?
6029
In base 10, what is -123956669 + -3?
-123956672
In base 8, what is -750 - 40726?
-41676
In base 3, what is 20200211 - 2001222211?
-1211022000
In base 11, what is -322366 + 354?
-322012
In base 4, what is -1032122 + -100223?
-1133011
In base 16, what is -22 + 16eba2?
16eb80
In base 16, what is -1bc76 - -25?
-1bc51
In base 9, what is -5 - -37375072?
37375066
In base 6, what is -4 + 12343303?
12343255
In base 15, what is 3b + b9a86?
b9ac2
In base 12, what is 1 - -69b5288?
69b5289
In base 2, what is 10011101110010000111 + 0?
10011101110010000111
In base 14, what is 3a + -29c20c?
-29c1b2
In base 11, what is 12a8696 - -2?
12a8698
In base 14, what is -9bb4d0d + -1?
-9bb4d10
In base 8, what is 625574 - 25?
625547
In base 14, what is -1b08 + 5c3?
-1525
In base 13, what is 7640b + 124?
76532
In base 3, what is 2202011122121112 + -11?
2202011122121101
In base 15, what is 9 + 723710?
723719
In base 14, what is -134 - 61a7c?
-61bb2
In base 7, what is 1260 + -2240342?
-2236052
In base 9, what is -1 - 53128144?
-53128145
In base 11, what is -45797 - -2006?
-43791
In base 11, what is -3586aa + -118?
-358817
In base 13, what is 1675784c + 8?
16757857
In base 6, what is -24504002 + -10?
-24504012
In base 5, what is -101402 - -10112424?
10011022
In base 3, what is 12 - -1102000022012211?
1102000022020000
In base 5, what is 1340242 + 11440?
1402232
In base 9, what is -10273850 - 10?
-10273860
In base 13, what is -415 - -a6708?
a62c3
In base 9, what is 330171487 - 4?
330171483
In base 14, what is -5 + 6cb3114?
6cb310d
In base 12, what is -2092096 + -2?
-2092098
In base 2, what is 10 - 1000110110101010110?
-1000110110101010100
In base 16, what is -169d5 - 134?
-16b09
In base 12, what is 4 - -a0a1867?
a0a186b
In base 13, what is -3a97 + 6338?
2571
In base 10, what is 374190941 - 2?
374190939
In base 3, what is -100 - -1121202001?
1121201201
In base 4, what is -1100320033 + -3012?
-1100323111
In base 5, what is 24 - -412041430?
412042004
In base 5, what is 340421114 - -2421?
340424040
In base 15, what is ab77b6d1 + 3?
ab77b6d4
In base 3, what is -212 - 20222221201?
-20222222120
In base 9, what is 255366 + 1475?
256852
In base 5, what is 24220021 - -320?
24220341
In base 2, what is -10010111110111101 + 1000000110?
-10010110110110111
In base 15, what is -3647b - -39?
-36442
In base 12, what is 44 - -895164?
8951a8
In base 16, what is 0 - d1b364?
-d1b364
In base 6, what is -2 + 5554502131?
5554502125
In base 14, what is 45 - -5946d3?
594738
In base 16, what is 3c9aa + -1?
3c9a9
In base 5, what is -21031031 - 12434?
-21044020
In base 7, what is -2 - -366430105?
366430103
In base 12, what is 51 + -16281?
-16230
In base 6, what is -1 + 505233305?
505233304
In base 12, what is -1 - 2b95472?
-2b95473
In base 11, what is -113a18 + -13?
-113a30
In base 14, what is -b + -4a30369?
-4a30376
In base 8, what is -201 + 45500250?
45500047
In base 3, what is -111 + 12200212210100?
12200212202212
In base 12, what is 20 - -1080313?
1080333
In base 2, what is 0 - -1010101101101110001001000?
1010101101101110001001000
In base 13, what is 5102b - -1?
5102c
In base 8, what is 230707 + -5013?
223674
In base 9, what is -11332 - -64407?
53065
In base 6, what is 124031103 + -130?
124030533
In base 13, what is 2 - 4396c05?
-4396c03
In base 10, what is -669 - -6904?
6235
In base 3, what is 1 + 2000021022020011?
2000021022020012
In base 13, what is 27 - a37570?
-a37546
In base 3, what is 112122221012 + -1021011?
112121200001
In base 3, what is 1200121020121112 - -2?
1200121020121121
In base 16, what is -4 + -cc32e?
-cc332
In base 8, what is 16572223 - 3?
16572220
In base 15, what is 5 - -334d1b?
334d21
In base 15, what is 0 + 1d320d?
1d320d
In base 10, what is -3 - 8333024?
-8333027
In base 13, what is -46 - 1496?
-150c
In base 14, what is -48411d3 + -5?
-48411d8
In base 10, what is -2 + -14496050?
-14496052
In base 11, what is -558 - 11757?
-12204
In base 13, what is -b194 - -53?
-b141
In bas